{"id":25,"date":"2008-09-11T19:22:18","date_gmt":"2008-09-12T00:22:18","guid":{"rendered":"http:\/\/dev.danphilibin.com\/wordpress\/?page_id=41"},"modified":"2022-01-12T15:16:21","modified_gmt":"2022-01-12T14:16:21","slug":"contact-us","status":"publish","type":"page","link":"https:\/\/www.przystanzdrowia.pl\/?page_id=25","title":{"rendered":"Kontakt"},"content":{"rendered":"<div class=\"box line\"><\/div>\n<div class=\"box line\">\n<div class=\"left\">\n<h3><span>Poradnia Dietetyczna &#8222;Przysta\u0144 Zdrowia&#8221;<\/span><\/p>\n<p>Paulina Barska<\/h3>\n<p>&nbsp;<\/p>\n<p>Gabinety:<br \/>\nWroc\u0142awski Park Technologiczny<br \/>\nul. Kleci\u0144ska 125 (budynek BETA)<br \/>\n54-413 Wroc\u0142aw<br \/>\n&nbsp;<br \/>\ntel. 514 897 992<br \/>\ne-mail: info@przystanzdrowia.pl<\/p>\n<\/div>\n<div class=\"right\">\n<h3>Formularz kontaktowy<\/h3>\n<form method=\"post\" id=\"cntctfrm_contact_form\" action=\"https:\/\/www.przystanzdrowia.pl\/index.php?rest_route=%2Fwp%2Fv2%2Fpages%2F25\" enctype=\"multipart\/form-data\"><div style=\"text-align: left; padding-top: 5px;\">\n\t\t\t\t\t<label for=\"cntctfrm_contact_name\">Imi\u0119:<\/label>\n\t\t\t\t<\/div><div style=\"text-align: left;\">\n\t\t\t\t\t<input class=\"text\" type=\"text\" size=\"40\" value=\"\" name=\"cntctfrm_contact_name\" id=\"cntctfrm_contact_name\" style=\"text-align: left; margin: 0;\" \/>\n\t\t\t\t<\/div>\n\n\t\t\t\t<div style=\"text-align: left;\">\n\t\t\t\t\t<label for=\"cntctfrm_contact_email\">Adres e-mail<span class=\"required\"> *<\/span><\/label>\n\t\t\t\t<\/div><div style=\"text-align: left;\">\n\t\t\t\t\t<input class=\"text\" type=\"text\" size=\"40\" value=\"\" name=\"cntctfrm_contact_email\" id=\"cntctfrm_contact_email\" style=\"text-align: left; margin: 0;\" \/>\n\t\t\t\t<\/div>\n\t\t\t<div style=\"text-align: left;\">\n\t\t\t\t\t<label for=\"cntctfrm_contact_subject\">Temat:<span class=\"required\"> *<\/span><\/label>\n\t\t\t\t<\/div><div style=\"text-align: left;\">\n\t\t\t\t\t<input class=\"text\" type=\"text\" size=\"40\" value=\"\" name=\"cntctfrm_contact_subject\" id=\"cntctfrm_contact_subject\" style=\"text-align: left; margin: 0;\" \/>\n\t\t\t\t<\/div>\n\n\t\t\t\t<div style=\"text-align: left;\">\n\t\t\t\t\t<label for=\"cntctfrm_contact_message\">Tre\u015b\u0107 wiadomo\u015bci:<span class=\"required\"> *<\/span><\/label>\n\t\t\t\t<\/div><div style=\"text-align: left;\">\n\t\t\t\t\t<textarea rows=\"5\" cols=\"30\" name=\"cntctfrm_contact_message\" id=\"cntctfrm_contact_message\"><\/textarea>\n\t\t\t\t<\/div><div style=\"text-align: left; padding-top: 8px;\">\n\t\t\t\t\t<input type=\"hidden\" value=\"send\" name=\"cntctfrm_contact_action\"><input type=\"hidden\" value=\"Version: 3.30\" \/>\n\t\t\t\t\t<input type=\"hidden\" value=\"en\" name=\"cntctfrm_language\">\n\t\t\t\t\t<input type=\"submit\" value=\"Wy\u015blij\" style=\"cursor: pointer; margin: 0pt; text-align: center;margin-bottom:10px;\" \/> \n\t\t\t\t<\/div>\n\t\t\t\t<\/form>\n<\/div>\n<\/div>\n","protected":false},"excerpt":{"rendered":"<p>Poradnia Dietetyczna &#8222;Przysta\u0144 Zdrowia&#8221; Paulina Barska &nbsp; Gabinety: Wroc\u0142awski Park Technologiczny ul. Kleci\u0144ska 125 (budynek BETA) 54-413 Wroc\u0142aw &nbsp; tel. 514 897 992 e-mail: info@przystanzdrowia.pl Formularz kontaktowy<\/p>\n","protected":false},"author":1,"featured_media":0,"parent":0,"menu_order":0,"comment_status":"open","ping_status":"open","template":"","meta":{"ngg_post_thumbnail":0},"_links":{"self":[{"href":"https:\/\/www.przystanzdrowia.pl\/index.php?rest_route=\/wp\/v2\/pages\/25"}],"collection":[{"href":"https:\/\/www.przystanzdrowia.pl\/index.php?rest_route=\/wp\/v2\/pages"}],"about":[{"href":"https:\/\/www.przystanzdrowia.pl\/index.php?rest_route=\/wp\/v2\/types\/page"}],"author":[{"embeddable":true,"href":"https:\/\/www.przystanzdrowia.pl\/index.php?rest_route=\/wp\/v2\/users\/1"}],"replies":[{"embeddable":true,"href":"https:\/\/www.przystanzdrowia.pl\/index.php?rest_route=%2Fwp%2Fv2%2Fcomments&post=25"}],"version-history":[{"count":105,"href":"https:\/\/www.przystanzdrowia.pl\/index.php?rest_route=\/wp\/v2\/pages\/25\/revisions"}],"predecessor-version":[{"id":560,"href":"https:\/\/www.przystanzdrowia.pl\/index.php?rest_route=\/wp\/v2\/pages\/25\/revisions\/560"}],"wp:attachment":[{"href":"https:\/\/www.przystanzdrowia.pl\/index.php?rest_route=%2Fwp%2Fv2%2Fmedia&parent=25"}],"curies":[{"name":"wp","href":"https:\/\/api.w.org\/{rel}","templated":true}]}}